rt -32 (base 15) to base 3.
-1202
Convert -2 (base 13) to base 12.
-2
Convert 2 (base 16) to base 11.
2
Convert -30 (base 4) to base 3.
-110
b4 (base 13) to base 4
2103
What is 17 (base 14) in base 7?
30
Convert 92 (base 10) to base 9.
112
16 (base 9) to base 2
1111
Convert 40 (base 7) to base 8.
34
Convert -c7 (base 16) to base 11.
-171
-6 (base 12) to base 4
-12
0 (base 8) to base 9
0
Convert 163 (base 10) to base 16.
a3
What is 2 (base 7) in base 2?
10
Convert 71 (base 16) to base 8.
161
Convert -1 (base 8) to base 9.
-1
-10 (base 2) to base 9
-2
Convert 11011 (base 2) to base 8.
33
What is 1011001 (base 2) in base 16?
59
3301 (base 4) to base 13
157
What is -d (base 16) in base 8?
-15
Convert 5 (base 7) to base 15.
5
What is -5b (base 12) in base 7?
-131
Convert 10 (base 7) to base 2.
111
What is -122 (base 7) in base 6?
-145
Convert -2 (base 6) to base 9.
-2
What is -3 (base 8) in base 12?
-3
What is 0 (base 15) in base 3?
0
Convert 3 (base 9) to base 4.
3
What is 18 (base 12) in base 4?
110
What is 14 (base 7) in base 14?
b
Convert 3 (base 4) to base 8.
3
-128 (base 10) to base 13
-9b
What is -7 (base 14) in base 3?
-21
What is 5 (base 16) in base 14?
5
Convert 4 (base 9) to base 8.
4
111 (base 2) to base 8
7
What is -11010101 (base 2) in base 16?
-d5
5 (base 16) to base 10
5
What is -1101 (base 2) in base 4?
-31
What is -333 (base 4) in base 5?
-223
-1 (base 4) to base 7
-1
What is -2110 (base 3) in base 13?
-51
What is -11010 (base 2) in base 11?
-24
Convert 11 (base 7) to base 10.
8
What is -4 (base 15) in base 3?
-11
What is -311 (base 10) in base 9?
-375
Convert -2 (base 16) to base 8.
-2
Convert -3 (base 11) to base 3.
-10
What is -2 (base 15) in base 5?
-2
Convert 1003 (base 4) to base 16.
43
What is -bc (base 15) in base 8?
-261
What is -378 (base 10) in base 12?
-276
-2 (base 9) to base 11
-2
Convert 2 (base 3) to base 9.
2
What is 3 (base 4) in base 3?
10
What is -2 (base 15) in base 9?
-2
Convert -11b (base 16) to base 14.
-163
What is -46 (base 8) in base 2?
-100110
32 (base 8) to base 13
20
What is 6 (base 10) in base 2?
110
-1 (base 9) to base 6
-1
112 (base 4) to base 6
34
Convert 30 (base 14) to base 2.
101010
Convert 213 (base 4) to base 14.
2b
What is -32 (base 7) in base 12?
-1b
Convert 27 (base 10) to base 7.
36
What is -33 (base 7) in base 12?
-20
-227 (base 11) to base 5
-2041
What is 41 (base 9) in base 3?
1101
-128 (base 10) to base 16
-80
Convert 0 (base 9) to base 13.
0
What is -223 (base 6) in base 2?
-1010111
What is 12 (base 7) in base 4?
21
Convert 2 (base 9) to base 12.
2
Convert 1 (base 11) to base 2.
1
2 (base 12) to base 9
2
Convert -2 (base 12) to base 3.
-2
-9d (base 15) to base 8
-224
0 (base 13) to base 2
0
What is d (base 16) in base 10?
13
What is a (base 13) in base 16?
a
What is -3 (base 12) in base 4?
-3
28 (base 12) to base 15
22
Convert 13 (base 7) to base 6.
14
What is 13 (base 6) in base 13?
9
Convert -4 (base 11) to base 15.
-4
What is -325 (base 9) in base 6?
-1122
What is -a (base 13) in base 2?
-1010
What is -48 (base 9) in base 16?
-2c
7 (base 9) to base 11
7
-13 (base 4) to base 7
-10
12 (base 12) to base 9
15
85 (base 10) to base 12
71
Convert -149 (base 13) to base 15.
-105
Convert 3 (base 5) to base 15.
3
-3 (base 12) to base 16
-3
3 (base 5) to base 14
3
Convert 64 (base 10) to base 8.
100
-10101 (base 2) to base 15
-16
Convert 1 (base 3) to base 6.
1
Convert -7 (base 16) to base 11.
-7
-142 (base 8) to base 2
-1100010
Convert 5 (base 15) to base 16.
5
Convert 205 (base 6) to base 3.
2212
Convert 2 (base 16) to base 14.
2
-15 (base 7) to base 3
-110
Convert 162 (base 7) to base 12.
79
2 (base 8) to base 16
2
Convert 8 (base 11) to base 13.
8
35 (base 15) to base 14
38
What is 25 (base 12) in base 15?
1e
What is -2 (base 10) in base 12?
-2
Convert -2 (base 5) to base 10.
-2
What is -101 (base 3) in base 14?
-a
4 (base 6) to base 7
4
-10 (base 4) to base 12
-4
What is 66 (base 16) in base 11?
93
-100 (base 2) to base 11
-4
-110 (base 4) to base 15
-15
Convert -4 (base 16) to base 13.
-4
Convert 20 (base 7) to base 11.
13
Convert -3 (base 12) to base 6.
-3
What is -35 (base 8) in base 15?
-1e
Convert 110 (base 4) to base 2.
10100
What is -110100000 (base 2) in base 3?
-120102
What is 22 (base 12) in base 9?
28
-232 (base 4) to base 2
-101110
What is 1000 (base 3) in base 13?
21
What is 83 (base 10) in base 7?
146
What is 36 (base 8) in base 9?
33
What is -60 (base 12) in base 7?
-132
37 (base 10) to base 2
100101
1 (base 4) to base 10
1
2 (base 7) to base 11
2
-30 (base 5) to base 16
-f
2 (base 5) to base 11
2
-8 (base 14) to base 5
-13
Convert -24 (base 7) to base 11.
-17
What is -11022 (base 3) in base 4?
-1310
5 (base 6) to base 11
5
13 (base 6) to base 12
9
-7 (base 11) to base 16
-7
Convert -3 (base 13) to base 8.
-3
-112 (base 5) to base 6
-52
41 (base 6) to base 15
1a
9c (base 15) to base 8
223
What is 100 (base 5) in base 9?
27
100 (base 2) to base 7
4
Convert -8 (base 11) to base 9.
-8
Convert 1 (base 16) to base 5.
1
Convert -1 (base 7) to base 15.
-1
What is -dd (base 14) in base 16?
-c3
Convert 4 (base 7) to base 11.
4
What is 113 (base 4) in base 2?
10111
-11100 (base 2) to base 12
-24
-4 (base 13) to base 5
-4
What is 1 (base 15) in base 6?
1
Convert 14 (base 8) to base 3.
110
What is 0 (base 2) in base 10?
0
What is 54 (base 6) in base 3?
1021
What is 2 (base 12) in base 13?
2
-72 (base 13) to base 9
-113
-179 (base 11) to base 3
-21200
What is -38 (base 13) in base 6?
-115
What is 110 (base 2) in base 11?
6
6 (base 13) to base 10
6
Convert -3 (base 14) to base 9.
-3
What is 50 (base 7) in base 8?
43
Convert -2 (base 16) to base 8.
-2
What is 0 (base 16) in base 10?
0
-1101001 (base 2) to base 7
-210
What is 4 (base 8) in base 10?
4
What is -22 (base 15) in base 13?
-26
-1 (base 9) to base 13
-1
Convert -20 (base 6) to base 11.
-11
0 (base 12) to base 9
0
Convert -11 (base 3) to base 6.
-4
Convert 32 (base 5) to base 2.
10001
What is -12 (base 4) in base 14?
-6
Convert 52 (base 11) to base 7.
111
What is -5 (base 7) in base 6?
-5
Convert 4 (base 12) to base 7.
4
Convert 13 (base 5) to base 9.
8
What is 11 (base 8) in base 12?
9
What is 100111 (base 2) in base 6?
103
Convert -1b (base 12) to base 2.
-10111
What is -2 (base 5) in base 2?
-10
-20 (base 12) to base 3
-220
-8 (base 14) to base 12
-8
Convert -7 (base 15) to base 14.
-7
1 (base 14) to base 9
1
-3 (base 6) to base 3
-10
What is 6 (base 7) in base 5?
11
112 (base 4) to base 8
26
Convert 10 (base 8) to base 9.
8
89 (base 12) to base 9
126
-19 (base 16) to base 11
-23
What is -22 (base 3) in base 11?
-8
Convert 1000 (base 3) to base 11.
25
-6 (base 16) to base 7
-6
What is -10 (base 4) in base 13?
-4
-23 (base 5) to base 14
-d
What is -1 (base 5) in base 2?
-1
Convert -2 (base 14) to base 8.
-2
Convert 20211 (base 3) to base 7.
352
Convert 1 (base 15) to base 3.
1
-3 (base 8) to base 13
-3
0 (base 11) to base 2
0
What is 80 (base 10) in base 9?
88
-1 (base 11) to base 15
-1
What is -1 (base 11) in base 4?
-1
What is 1 (base 2) in base 15?
1
Convert -3 (base 6) to base 3.
-10
What is -2 (base 16) in base 7?
-2
What is 11 (base 4) in base 6?
5
-74 (base 16) to base 7
-224
What is 137 (base 8) in base 6?
235
160 (base 9) to base 12
b3
Convert 49 (base 15) to base 7.
126
5 (base 10) to base 8
5
f (base 16) to base 10
15
Convert 49 (base 14) to base 9.
72
What is 1112 (base 3) in base 14?
2d
-350 (base 7) to base 6
-502
What is -26 (base 9) in base 3?
-220
Convert -13c (base 15) to base 2.
-100011010
20 (base 5) to base 3
101
Convert 1 (base 16) to base 12.
1
Convert 57 (base 10) to base 9.
63
Convert 21 (base 9) to base 3.
201
What is -22021 (base 3) in base 12?
-167
What is -11 (base 3) in base 5?
-4
Convert 177 (base 10) to base 15.
bc
What is -4 (base 12) in base 7?
-4
10 (base 16) to base 10
16
What is -51 (base 12) in base 6?
-141
What is 10011100 (base 2) in base 6?
420
-18 (base 13) to base 8
-25
Convert 3 (base 7) to base 3.
10
Convert -256 (base 9) to base 11.
-184
What is a (base 16) in base 6?
14
4 (base 8) to base 10
4
Convert 83 (base 16) to base 12.
ab
What is 350 (base 7) in base 14?
d0
-2 (base 6) to base 2
-10
Convert 42 (base 9) to base 16.
26
Convert 12 (base 11) to base 4.
31
Convert -1a9 (bas